r(g) be the second derivative of 29*g + 3/2*g**2 + 0 - 3/2*g**3 - 1/2*g**4 + o*g**5. Give r(7).
-11
Suppose 6*f = -0*f + 12. Suppose -3*v - 3 = 0, 2*z - 6 = -0*v + f*v. Let l(d) = -z*d**2 - 19*d + 3 - 21*d + 42*d. Give l(4).
-21
Let o = 330 - 328. Let j(i) = -38 + o*i - i + 40 + 2*i. Determine j(2).
8
Let t(c) = 11*c**2 - 3*c - 1. Let w(g) be the third derivative of 3*g**5/20 - g**4/12 - g**3/6 + 2*g**2 + 55. Let i(l) = -4*t(l) + 5*w(l). Determine i(-3).
2
Let f(l) = -l**3 - l**2 + l + 1. Let g(a) = a**2 - 88. Let x be g(-10). Let h be -9 - (8/2 - x). What is f(h)?
0
Let w(h) be the second derivative of -11*h**3/6 - 4*h**2 + 11*h. Determine w(-1).
3
Let h(n) = n**3 + 21*n**2 - n - 13. Let z be h(-21). Suppose z*q = -10 + 50. Let v(d) = -5*d - 3. What is v(q)?
-28
Let k(s) be the second derivative of s**5/20 - s**4/2 - s**3/6 - 27*s**2/2 + 27*s - 24. What is k(7)?
15
Let b(r) = -49*r**3 - r**2. Let q be b(-1). Let n(c) = -104 + q + 66 + c. Give n(0).
10
Suppose -3*u - 1 = -5*t, 4 = 2*t - 6. Suppose u*p - 92 = 4*p. Suppose 8*m - p = 9. Let c(l) = 4*l - 5. Determine c(m).
11
Let l(d) = d + 2. Let t = -440 - -439. Let q be -20*(32/5 + -5 + t). Determine l(q).
-6
Let p = -120 - -122. Let b(m) = -3*m**3 - 6*m**2 - 4*m - 4. Let g(y) = 4*y**3 + 7*y**2 + 4*y + 5. Let f(k) = p*g(k) + 3*b(k). Determine f(-3).
1
Let q(j) be the first derivative of -13*j**2/2 + 12*j + 7340. Calculate q(9).
-105
Let v(c) = 2*c - 1. Let x(z) = -8*z + 4. Suppose h + 2 + 16 = -2*n, 0 = 2*h. Let k(s) = n*v(s) - 2*x(s). What is k(3)?
-5
Suppose 27 = 11*m - 2*m. Suppose 0 = 2*u - m*h - 120, 2*u - 2*h - 118 = 2*h. Let f = -61 + u. Let r(p) = 8*p**2 - 3*p + 2. Give r(f).
28
Let g(u) = -4*u + 27. Let v(m) = -m + 7. Let j = -320 - -329. Let d(f) = j*v(f) - 2*g(f). What is d(-4)?
13
Let t(p) = -23*p - 14. Let n(v) = 33*v + 3332. Let h be n(-101). Calculate t(h).
9
Let m be 4/7 - 29/(3045/60) - -13. Let x(b) = -4*b + 17. Determine x(m).
-35
Let j(w) be the first derivative of w - 46 - 1/3*w**3 + 3/2*w**2. Let o = -4 - -2. Calculate j(o).
-9
Let a(y) = -3*y**2 - 9*y + 1. Let j = 2935 - 2939. What is a(j)?
-11
Let p(n) = 38*n**3 + 2*n**2 + n - 2. Let g be (0 - -7 - 0) + 14*(-72)/168. Give p(g).
39
Let u(o) be the second derivative of -o**4/12 + 5*o**3/3 + o**2 + 5*o. Let k be ((-6)/(-27))/(1 + (-44)/45). What is u(k)?
2
Let j(t) = 50*t + 3. Suppose 13*p + 26 - 37 = -4*z, -4*p + 5*z = 34. Determine j(p).
-47
Suppose 0 = -4*t + 3*r - 31, -4*t - 25 = -0*r + 3*r. Let n(h) = -h**2 - 6*h + 15. Let u(d) = -2*d**2 - 12*d + 35. Let x(m) = -5*n(m) + 2*u(m). What is x(t)?
2
Let v be (4 - 70/1)*(-5)/10. Let h(x) = -19*x - 16*x + v*x**2 + 45*x - 11*x. Give h(-1).
34
Let o(f) = -f**3 + 5*f**2 + 5*f - 10. Let y be o(6). Let a(v) be the third derivative of v**6/120 + v**5/4 - 17*v**4/24 - 10*v**3/3 + 731*v**2. Give a(y).
-4
Let c(p) = -p**3 + 8*p**2 + 5. Let w(k) = k**3 + 3*k**2 - 11*k - 3. Let d be w(-5). Let b be (0 + (3 - 3))*d/2. Suppose b = 8*n + 28 - 92. Give c(n).
5
Suppose -4*c = 5*y - 20, 0 = -3*c + 4*y - 31 - 16. Let n(x) = 3*x**2 + 20*x + 7. Determine n(c).
-18
Let s(v) be the third derivative of -v**6/120 + 23*v**5/60 + 17*v**4/8 - 13*v**3/3 + 1637*v**2. Give s(25).
-1
Let q(t) = t**3 - 6*t**2 - 2*t + 3. Let l(r) = r**3 + 15*r**2 - 2*r - 16. Let i be 2/((-4)/30)*1. Let n be l(i). Let p = 20 - n. What is q(p)?
-9
Let t(i) = i**2 + 9*i - 12. Let o be 1*(-249)/(1/(-1)). Let d = o - 259. Calculate t(d).
-2
Let n(v) be the second derivative of v**5/20 - 5*v**4/12 - 13*v**3/6 - 4*v**2 - 64*v + 1. Calculate n(7).
-1
Let o(z) be the first derivative of 13*z**2/2 + 18*z - 175. Let c(q) = -24*q - 33. Let n(a) = -5*c(a) - 9*o(a). Give n(-10).
-27
Suppose 9*j = 8*j + 7. Let n be ((-35)/(-28)*2)/(1/2). Let g(p) = -3*p**2 - 12*p - 6. Let a(d) = 4*d**2 + 13*d + 7. Let z(b) = n*g(b) + 4*a(b). What is z(j)?
-9
Suppose -4*n - 4*h - 13 = -5, 2*n - h - 5 = 0. Suppose 0 = -0*u - u + r - 9, u + r = -n. Let d(c) = -c + 2. Give d(u).
7
Let x(d) = d**2 + 3 - 7 - 7*d + 1 - 2. Let k be 4*(2 - 11/22). Calculate x(k).
-11
Let n(g) = -14*g**2 - 11*g - 12. Let k(r) = 0 + 4*r - 300*r**2 + 305*r**2 + 3 + 1. Let o = 10 + -14. Let m(i) = o*n(i) - 11*k(i). What is m(0)?
4
Suppose -1 = -3*j - 16. Let t(d) = 28*d + 1025. Let p(a) = 11*a + 399. Let c(h) = -18*p(h) + 7*t(h). What is c(j)?
3
Let k(n) = -n**2. Let p be ((-4)/(-6) - 0)/((-10)/(-15)). Let m(w) = w**3 + 15*w**2 + 9*w + 7. Let y(z) = p*m(z) + 5*k(z). What is y(-9)?
7
Let m be (-1)/(12/38) - 4/(-24). Let r(h) = -4*h**2 + 5*h + 5. Let p(w) = 10*w**2 - 15*w - 14. Let o(u) = 3*p(u) + 8*r(u). What is o(m)?
-5
Let m(d) = -2*d**3 - d**2 - 3*d + 1. Let i(a) = 15*a**3 + 10*a**2 + 18*a - 11. Let v(h) = i(h) + 7*m(h). Calculate v(-4).
-8
Let f(z) = z**3 + 2*z**2 - 2*z - 6. Let u(w) be the third derivative of w**5/60 + w**3/3 - 64*w**2 - w. Let n(g) = -f(g) - u(g). What is n(-3)?
-2
Let x(q) = -q**3 + 23*q**2 - 21*q - 25. Suppose -2*u - 10 = -54. Determine x(u).
-3
Suppose -8*k = -33 + 81. Let v(h) = -14*h**2 + 39*h**2 - 2 - 13*h**2 - 8*h - 19*h**2 - h**3. Calculate v(k).
10
Let u = 29431 + -29412. Let t(f) = -2*f**3 + 35*f**2 + 59*f - 31. Give t(u).
7
Suppose 75 - 67 = 4*c. Suppose -2*n + 8 = 2*u, 4*u = c*n - 4*n + 6. Let i(q) be the second derivative of q**5/20 - q**4/3 - 5*q**3/6 + 2*q**2 + 52*q. Give i(n).
4
Let p be -13*14/(-637) + (-3)/(-14). Let j(m) be the second derivative of 27*m + 0 - 3/2*m**2 + p*m**3. Give j(-4).
-15
Let t(s) = 2*s - 1. Let z(b) = b**3 + 5*b**2 - 16*b + 9. Suppose j - 21 = -5*w, 4*j - 8 = 2*w - 3*w. Let y(v) = j*z(v) + 5*t(v). Determine y(-6).
4
Let x(j) be the first derivative of j**3/3 - 2*j**2 - 7*j + 20. Let w be (-380)/(-90) - (-4)/(-18). Suppose 25 = h + w*h. Determine x(h).
-2
Let y = -33 + 34. Let z be 3/9*9/y. Let h(c) = -c + 4. Determine h(z).
1
Let r(o) = 193*o - o**2 - 374*o - 10 + 187*o. Determine r(5).
-5
Suppose 64*u + 1953 = 57*u. Let x = u + 275. Let z(p) = -2*p - 2. What is z(x)?
6
Let p(d) = d**3 - 17*d**2 + 17*d - 10. Let i(l) = -27*l - 1523. Let y be i(-57). Determine p(y).
6
Let u(a) = -a**2 - 15*a - 22. Suppose 1861 - 1850 = -t. Calculate u(t).
22
Let g = 490 + -484. Let q(c) = 59 - 118 - 11*c + 58 - 2*c**2 + 4*c**2. Calculate q(g).
5
Let n(b) = -5*b - 38. Let f(y) = -81*y - 9567. Let j be f(-118). What is n(j)?
7
Let j(p) = p - 3. Suppose -72*k + 74*k = 20. Let o(s) = -s**2 + 7*s + 25. Let v be o(k). What is j(v)?
-8
Let x(j) = -j**3 + 7*j**2 - 7*j - 5. Let s = 35 + 9. Suppose -7*o + s = -3*o. Suppose -5 = m - o. Calculate x(m).
-11
Let t(y) = y**2 - 7*y + 8. Let p be 6/(-12) - 71/(-2). Let i = p + -30. Suppose i*c - 4*x = 14, 5*x - 26 = -c - 0*c. Calculate t(c).
2
Let r be 90/(-12) - -9 - 22/4. Let i(j) = -j - 1. Let u(g) = -2*g - 2. Let k(d) = -6*i(d) + 5*u(d). Determine k(r).
12
Let z be (-18)/(-54) + (0 - 8/(-3)). Let w(y) = -21*y**2 - z + 0*y**2 - 6*y + 20*y**2. Determine w(-2).
5
Let v = 7553 - 7562. Let p(c) = 5*c**2 + 4*c. Let a(x) = -4*x**2 - 5*x + 1. Let z(g) = 4*a(g) + 3*p(g). What is z(v)?
-5
Let r(f) = 17*f**2 + 2*f - 1. Suppose -2*q - t - 5 + 0 = 0, 3*t - 15 = 0. Let m be q*(-11)/165 + 4/6. Give r(m).
18
Let w(f) = -74*f**2 - 10*f - 160. Let r(m) = 203*m**2 + 30*m + 481. Let n(u) = -4*r(u) - 11*w(u). Give n(-7).
4
Let h(b) = -44*b**2 - b + 78. Let m(k) = -131*k**2 - 3*k + 214. Let d(f) = -11*h(f) + 4*m(f). Give d(-1).
-41
Suppose -242 = -5*u + 2*z - 302, 2*u = -z - 15. Let i(w) = -5*w - 45. Give i(u).
5
Let d(l) = l + 9. Let i(h) = -3*h + 69. Let k be i(-2). Let p = -80 + k. Calculate d(p).
4
Let y(a) = a**2 - 7*a - 17. Let g(j) = 2*j + 9. Let x(h) = -2*h + 20. Let o be x(10). Let m be g(o). Let d be y(m). Let f(k) = 6*k - 1. Calculate f(d).
5
Let t(b) = 12*b**2 + 35*b + 230. Let p(i) = -5*i**2 - 17*i - 113. Let l(r) = -7*p(r) - 3*t(r). What is l(19)?
6
Let u(b) = 142*b - 427. Let s be u(3). Let v(h) be the second derivative of h**5/2 - h**4/12 - h**3/6 - 2*h. Give v(s).
-10
Let i(p) = -81311 - 81312 + 162623 + 2*p. Let c = 8 + -7. Suppose 7 + c = -2*u. What is i(u)?
-8
Let i(u) be the second derivative of u**8/6720 + u**7/420 - u**6/90 - u**5/120 - 25*u**4/2 - 264*u. Let m(q) be the third derivative of i(q). What is m(-7)?
6
Let n(m) = m**3 + 2*m**2 - 5*m + 1. Let b be (484/77)/((-4)/(-14)). Let y(l) = -2*l +